{"id":350,"date":"2018-06-25T13:24:16","date_gmt":"2018-06-25T16:24:16","guid":{"rendered":"http:\/\/extinpasa.com.br\/v3\/produto\/abracadeira-1-2-lua\/"},"modified":"2018-06-29T21:14:17","modified_gmt":"2018-06-30T01:14:17","slug":"abracadeira-1-2-lua","status":"publish","type":"product","link":"https:\/\/extinpasa.com.br\/v3\/produto\/abracadeira-1-2-lua\/","title":{"rendered":"ABRACADEIRA 1\/2 LUA"},"content":{"rendered":"<p>Abracadeira 1\/2 Lua<\/p>\n<p>*Diversas medidas para utiliza\u00e7\u00e3o de fixa\u00e7\u00e3o de eletrodutos<\/p>\n","protected":false},"excerpt":{"rendered":"<p>Abra\u00e7adeira 1\/2 lua para fixa\u00e7\u00e3o de eletrodutos<\/p>\n","protected":false},"featured_media":798,"template":"","meta":{"_exactmetrics_skip_tracking":false,"_exactmetrics_sitenote_active":false,"_exactmetrics_sitenote_note":"","_exactmetrics_sitenote_category":0},"product_brand":[],"product_cat":[25],"product_tag":[],"class_list":{"0":"post-350","1":"product","2":"type-product","3":"status-publish","4":"has-post-thumbnail","6":"product_cat-acessorios-diversos","8":"first","9":"instock","10":"shipping-taxable","11":"product-type-simple"},"_links":{"self":[{"href":"https:\/\/extinpasa.com.br\/v3\/wp-json\/wp\/v2\/product\/350","targetHints":{"allow":["GET"]}}],"collection":[{"href":"https:\/\/extinpasa.com.br\/v3\/wp-json\/wp\/v2\/product"}],"about":[{"href":"https:\/\/extinpasa.com.br\/v3\/wp-json\/wp\/v2\/types\/product"}],"wp:featuredmedia":[{"embeddable":true,"href":"https:\/\/extinpasa.com.br\/v3\/wp-json\/wp\/v2\/media\/798"}],"wp:attachment":[{"href":"https:\/\/extinpasa.com.br\/v3\/wp-json\/wp\/v2\/media?parent=350"}],"wp:term":[{"taxonomy":"product_brand","embeddable":true,"href":"https:\/\/extinpasa.com.br\/v3\/wp-json\/wp\/v2\/product_brand?post=350"},{"taxonomy":"product_cat","embeddable":true,"href":"https:\/\/extinpasa.com.br\/v3\/wp-json\/wp\/v2\/product_cat?post=350"},{"taxonomy":"product_tag","embeddable":true,"href":"https:\/\/extinpasa.com.br\/v3\/wp-json\/wp\/v2\/product_tag?post=350"}],"curies":[{"name":"wp","href":"https:\/\/api.w.org\/{rel}","templated":true}]}}